 p?
4
Let a be 3 + -2 + 4/(-2). What is the tens digit of a + 1 + (14 - -3)?
1
Suppose 124 = -10*r + 4994. What is the units digit of r?
7
Let v(u) = -u - 2. Let b be v(-4). Suppose -3*r + 460 = b*r. Let n = r - 64. What is the tens digit of n?
2
Let m(l) be the second derivative of -l**3/6 - 3*l**2 - 8*l. Let n be m(-9). Suppose n*x = -17 + 71. What is the units digit of x?
8
Let t(b) be the first derivative of b**6/180 + b**5/120 - b**4/12 - 7*b**3/3 - 2. Let d(h) be the third derivative of t(h). What is the units digit of d(-4)?
6
Let h(y) = y**2 - y + 5. Let r be h(0). Let g(v) = -19*v + 131. Let n be g(7). What is the units digit of n + 3 - (r - 35)?
1
Let u(n) = 30*n**2 - 144*n + 24. What is the tens digit of u(11)?
7
Let b(w) = 21*w**3 + 8*w**2 - 46*w + 193. What is the thousands digit of b(5)?
2
What is the units digit of -2*1*(-8 + (-5050)/20)?
1
Let a(h) = 10*h + 7. Let w be a(3). Let s = w + -12. What is the units digit of s?
5
Let s(h) = 81*h - 209. What is the units digit of s(14)?
5
What is the units digit of (5292/30)/(4/10)?
1
Let u = -332 - -2728. What is the hundreds digit of u?
3
Suppose 0 = -2*y + 4*j + 6, 5*y + j - 21 - 5 = 0. Suppose -y*p - 2 = 8. What is the units digit of ((-2)/p)/((-2)/(-12))?
6
Let t(b) = 7*b**3 - 5*b**2 + 12*b - 4. Let y(f) = -f**3. Let h(s) = t(s) + 6*y(s). What is the tens digit of h(5)?
5
Let s(n) = 98*n + 194. What is the hundreds digit of s(6)?
7
Let f = 435 + 837. What is the hundreds digit of f?
2
Suppose 0 = 4*s + s + 375. Let x = s + 109. Let u = x - 2. What is the units digit of u?
2
Let n = 650 + -183. What is the tens digit of n?
6
Suppose -260 = -4*h + 4*v, 2*v + 15 = 4*h - 235. What is the units digit of h?
0
Let k(i) = -4*i + 4*i - 10 - 4*i. Let y be k(-5). Suppose y + 25 = 5*o. What is the units digit of o?
7
Suppose 2*a = 3*f - 10, -8*a - 32 = -4*a - 3*f. Suppose -6*k + 3*k + 177 = 0. Let y = a + k. What is the units digit of y?
8
Suppose 3*b = 2*c + 5*b, -4*c - 5*b = -4. Let q = c + 8. Suppose 29 = q*u - 3*z - 48, u = 5*z + 15. What is the tens digit of u?
2
Suppose 2*j + 303 + 113 = w, 0 = -4*w + 2*j + 1682. What is the hundreds digit of w?
4
Let i = 617 - 422. What is the hundreds digit of i?
1
Let u = -5 + 7. Suppose -5*b = u*v - 45, 2*v + 1 - 25 = -2*b. Suppose 0 = 6*i - b*i + 48. What is the units digit of i?
8
Let h(j) = 10*j**2 + 51*j - 675. What is the units digit of h(21)?
6
Let v be (-30)/(1 + -4) + -2. Suppose -b + 13 = 4*a, -2 = -2*b + v. Suppose -5*o = -x - 10, -a*x + 17 = -o + 2*x. What is the units digit of o?
3
Let l(t) = t + 1. Let q be l(-4). Let m be 10*q/(15/(-2)). Suppose -5*g - 4*d = -0*g - 73, -d = -m*g + 50. What is the units digit of g?
3
Suppose -3*t = -2*t. Suppose 4*o + 37 = 4*c + 1, t = -c - o + 3. What is the units digit of c?
6
Let f = -971 - -1167. What is the units digit of f?
6
Suppose -19*r = -4*r - 15300. What is the thousands digit of r?
1
Suppose 4*p - 343 - 57 = 0. Suppose -44*u = -47*u + 24. Suppose 4*j + p = u*j. What is the tens digit of j?
2
Suppose 5*o - 22 = 6*o. Let x = o - -42. What is the units digit of (2 + 12)/(8/x)?
5
Let s(a) = 530*a + 533. What is the hundreds digit of s(8)?
7
Let c = 94 - 58. Let x = c + 36. Suppose -2*s + x = s. What is the units digit of s?
4
Suppose -29*t + 11*t = -8316. What is the units digit of t?
2
Let c be ((-40)/(-24))/((-3)/288). Let h = c + 307. What is the units digit of h?
7
Let c = -2704 + 4108. What is the thousands digit of c?
1
Let y = 13 - 8. Suppose 4*c + 3*k - 126 = k, 5*k = -y. What is the tens digit of c?
3
Let m be ((-80)/(-25))/((-4)/(-50)). Suppose -4*v + m = 5*t - v, -4*t - 3*v + 35 = 0. Suppose -25 = -t*i, -7 = 2*u - 4*i + 11. What is the units digit of u?
1
Suppose 216*g + 30500 = 226*g. What is the tens digit of g?
5
Let m = 3 + -12. Let i be (-72)/m - (4 + -1). What is the units digit of (i - 1)*(2 + -1)?
4
Suppose -5*a = 50 - 35. Let h(y) = -4*y**3 - 4*y**2 - 3*y - 3. What is the tens digit of h(a)?
7
Let c be 2*(1106/(-84))/((-1)/(-3)). Let i = 90 + c. What is the tens digit of i?
1
Let i = 56 + -15. Let l(m) = -m**2 + 9*m + 7. Let u be l(6). Let v = i - u. What is the units digit of v?
6
Let x(m) = 5*m. Suppose 3*w - 18 = 5*o, -3*w - 3*o + 0 - 6 = 0. Let v be x(w). Let r = v - -2. What is the units digit of r?
7
Suppose x = -2*v - 5, v = -x - 0*v - 7. Let h = -21 - -33. Let l = h + x. What is the units digit of l?
3
Let g(t) = 92*t**3 - 19*t**3 + 101*t**3 + t. Let f be g(1). Suppose -7*x + f = -2*x. What is the units digit of x?
5
Let r = 49 - 27. Suppose -2*c + 7*c = 2*z + r, 5*z = -3*c + 7. What is the tens digit of (z - -3) + -5 - -37?
3
Let p = 3767 + -2055. What is the units digit of p?
2
Let u be 4/(-10) + (-28)/5. Let y be 196/(-42)*u/(-2). Let a = y - -65. What is the units digit of a?
1
Let z(s) = 222*s + 283. What is the hundreds digit of z(5)?
3
Suppose -14*g + 50 = -9*g. Suppose g = 3*i + 4. Suppose -h = i*h - 54. What is the units digit of h?
8
Let q(n) = n - 6. Let y be q(6). Suppose 3*x = -y*x + 27. What is the units digit of 58*(x/(-6) + 2)?
9
Let n(b) = b**2 - 6*b - 2. Let y be n(7). Suppose -25 = y*x + 5*u, x + 5 = 3*x - 3*u. Let q = 18 + x. What is the tens digit of q?
1
Suppose 0 = 11*w - 2279 - 1384. What is the tens digit of w?
3
Let f = 12 + -10. Suppose 0 = f*q - 3*q + 37. What is the units digit of 1*q - 8/(-4)?
9
Suppose -3*o - 2*t - 140 = 0, -9*t = 3*o - 6*t + 144. What is the tens digit of (o/55)/(2/(-615))?
4
Let v(o) = 679*o**2 - 4*o - 5. What is the units digit of v(-1)?
8
Let b = 756 - -414. What is the units digit of b?
0
Let j be (12/(-10))/(4/(-170)). Let y = j + -37. Suppose y = 4*x - 14. What is the units digit of x?
7
Let z = -28 + 24. What is the tens digit of ((-544)/28)/z*7?
3
Let l be (-10 - -7) + (-6)/(-1). Suppose -l*t + 16 + 70 = -5*f, -2*f - 124 = -4*t. What is the units digit of t?
2
Suppose 5*s - 2*s = 5*b + 52, 3*b = -15. Let f = s - 2. What is the units digit of f?
7
Suppose -5*l = -9*a + 5*a + 5604, -3*l - 7018 = -5*a. What is the thousands digit of a?
1
Suppose 0 = -35*b + 31*b. Suppose l - 15 - 312 = -p, b = 4*p + 2*l - 1308. What is the units digit of p?
7
Let s(z) = -z**3 + 2*z**2 - 2*z - 7. Let n be s(0). Let g(q) = q + 17. What is the units digit of g(n)?
0
What is the tens digit of -1 + (-5 - -2*202)?
9
Let c = 128 - 107. What is the tens digit of 6285/c + -2 - (-24)/(-84)?
9
Suppose -9*w - 84 = -10*w. Let c = -57 + w. Suppose 2*i - c = -3*i - 3*y, 1 = -i + y. What is the units digit of i?
3
Let z(d) = 6*d - 2*d**2 + d**2 - 1 - 16*d. Suppose -2*m - 27 = -4*t + 9, -4*t - 4 = 3*m. What is the units digit of z(m)?
5
Suppose 4*f - 5*d - 2721 = 0, 26*f - 30*f = d - 2715. What is the hundreds digit of f?
6
Suppose 4 = -5*g + 2*o - 6*o, 4*g - 4 = -5*o. Let q(u) = u + 8. Let d be q(g). What is the units digit of (-32 + -10)*d/(-6)?
8
Let m(n) = -n**3 + 5*n**2 + 7*n - 2. Suppose 0 = 4*i - 5*u - 13, -5*u + 3 = -i - 5. Let d be m(i). Let c = d + 82. What is the tens digit of c?
3
Let x = -9 + 11. What is the tens digit of (476/49 + -8)/(x/301)?
5
Let z(n) = 11*n**2 - 41*n - 393. What is the hundreds digit of z(-8)?
6
Let z(i) = 70*i**3 - i**2 - 3*i + 12. What is the hundreds digit of z(2)?
5
Let l(q) = 5*q - 2. Suppose 0 = 4*s - d - 180, 3*d = -0*s - 2*s + 90. Let i be 18/s*5*1. What is the units digit of l(i)?
8
Let k(r) = -r + 19. Suppose 2*h = -7 + 3, -5*d = -4*h - 83. Let l be k(d). Suppose 3*n - 8 = -y + 2, 2*n - l*y - 16 = 0. What is the units digit of n?
4
Let s(n) = -n - 2. Let w be s(-2). Suppose -f = -w*f - 47. What is the units digit of f?
7
Let p be 5 + -2 - 0/(-1). Suppose p*s - 88 = -s. Suppose 4*o - 42 = -2*m + s, 0 = -3*o + 3*m + 39. What is the units digit of o?
5
Let v(g) = g**3 - 12*g**2 + 10*g + 10. Let z be (15 - 16/4)*1. Let n be v(z). What is the units digit of n - -2 - (-58 - 3)?
2
Suppose -7*y = 765 - 1794. What is the units digit of y?
7
Let k = 1810 - 1669. What is the tens digit of k?
4
Let i be (3/2)/(481/104 - 5). Let u(d) = -8*d**2 - 2*d + 21. Let v(k) = k**2 - 1. Let o(b) = -u(b) - 5*v(b). What is the units digit of o(i)?
4
What is the tens digit of (-54)/189 + 690/14?
4
Let d(f) = -f**3 + 30*f**2 - 13*f - 49. What is the units digit of d(-8)?
7
Let b be 0 - (-4 - (0 + 1)). Suppose 4*w = 3*u + 34 -